72) + 5). Let x be ((-74)/(-1) - 2) + 3. Let z = x - o. List the prime factors of z.
3, 11
Suppose -27*n + 16*n = -33. List the prime factors of n.
3
Suppose 4*f - 82 = 2*s - 1066, 3*s - 1448 = -f. List the prime factors of s.
2, 11
Let r be 0 - (-3 - (4 + -3)). Suppose 0 = -r*b + 8*b - 328. What are the prime factors of b?
2, 41
Let m = -36 + 856. What are the prime factors of m?
2, 5, 41
Let d = -135 - -147. List the prime factors of -40*(d/8 + -4).
2, 5
Suppose n - 6*n + 2*u + 8519 = 0, -2*n + u = -3407. List the prime factors of n.
5, 11, 31
Let h(r) = -8*r - 2. Let y(v) be the second derivative of -v**3/2 + 5*v. Let q be y(1). List the prime factors of h(q).
2, 11
Let l = -216 + 471. List the prime factors of l.
3, 5, 17
List the prime factors of 18335/40 - (-21)/(-56).
2, 229
Suppose 11*o - 422 = 2559. What are the prime factors of o?
271
Suppose 2*a = 2*c - 0*a - 362, 4*c + a = 729. Suppose -c = -4*z - 2. List the prime factors of z.
3, 5
Let a(c) = -c**2 + c + 1. Let o(w) = 2*w**2 - 9*w + 3. Let s(u) = a(u) + o(u). What are the prime factors of s(-9)?
157
Let p(n) = -5*n + 19. Let s be p(2). List the prime factors of (-12)/(0 + s/(-12)).
2
What are the prime factors of 1908/3 - (4 - 7) - 3?
2, 3, 53
Suppose 4*c + c = 5*m - 25, -3*m - 2*c = 10. Suppose m = 5*d + 25, -5*d - 99 = -4*w - 2*d. List the prime factors of w.
3, 7
Let h(r) = r**2 - 6*r + 9. Let c be h(5). Suppose -c*t = -7*t + 27. List the prime factors of t.
3
Let p = 16 + -12. Let v(f) = f + 0*f + p*f - 4*f. What are the prime factors of v(10)?
2, 5
Let t(n) = n**2 + 3*n - 10. Let y be t(-5). Suppose -2*i + y*i - k = -252, -12 = -3*k. List the prime factors of i.
2, 31
Let r = 5 - 2. Suppose -2*h = w + 15, -3*h + 2*h + r*w - 4 = 0. Let g = 17 - h. List the prime factors of g.
2, 3
Let b(q) = -2*q**2 + 4*q**2 + 12*q**2 - 2*q**2 + 8*q + 8. What are the prime factors of b(-4)?
2, 3, 7
Let u(r) = 2*r**3 - 7*r**2 + 4*r - 4. Let h be u(5). Suppose b = 5, 5*k + 102 = 5*b - 193. Let n = k + h. What are the prime factors of n?
37
Let n(v) = -120*v - 7. What are the prime factors of n(-6)?
23, 31
Suppose -7*f + 18943 = 12*f. What are the prime factors of f?
997
Let h = 26 + -23. Suppose -15 = 5*b, 2*i + h*b - 146 - 157 = 0. Suppose 54 - i = -2*m. What are the prime factors of m?
3, 17
Suppose 0 = 2*w - 4*o - 86, 4*o = 2*w + 5*o - 106. Suppose -w = m + 50. Let x = m - -146. List the prime factors of x.
3, 5
Let v(p) = 7*p**2 - 7*p + 3. Let b be v(1). List the prime factors of b*(0 + 1) + 47.
2, 5
Suppose -34 = 3*t - 4*b + 3*b, t - 3*b + 6 = 0. Let w = t - -14. List the prime factors of w + 4/(3 - -1).
3
Let h(n) = 8*n**2 - 4*n - 2. Let s be h(-1). Let t(m) = m**3 - 11*m**2 + 14*m - 25. What are the prime factors of t(s)?
3, 5
Let s(z) = 4*z**2 + z + 1. Let h be (-1)/((12/4)/(-105)). Let v be (6/5)/(14/h). List the prime factors of s(v).
2, 5
Suppose -3*a = -5*r + 4783, 11 - 7 = -4*a. List the prime factors of r.
2, 239
Suppose -y = -2*y - 17. Let d = y + 20. Suppose -h = -d*m - 2*h + 94, -3*h = -m + 28. List the prime factors of m.
31
Suppose t - 4*r = 13, -3*t + 0*r + 13 = r. Suppose -2*o + 2*m + 114 = 0, -t*o + 291 = -4*m + 2*m. What are the prime factors of o?
59
Let f(u) = u**3 - u - 10. Let k be f(-3). Let g = k - -71. List the prime factors of g.
37
Suppose 12240 = 20*g - 0*g. What are the prime factors of g?
2, 3, 17
Suppose -4*o + 8 = 0, 4*y - 5*y + 12 = 3*o. Let k(w) = -5 - w**2 - y*w + 0*w**2 + 7. What are the prime factors of k(-5)?
7
Let n(c) = 5*c + 17. Suppose 3 = -v + 2*s, v + s - 4 = 2*v. Let o = v + 12. What are the prime factors of n(o)?
2, 13
Suppose 2*b + 13829 - 5561 = 2*w, -2*b = -5*w + 20673. What are the prime factors of w?
5, 827
Suppose -3*v = 3*y + 12, -5*v - 21 = y + 3. Let f(p) = -p**3 - 4*p**2 + 2*p - 5. Let h be f(v). Suppose h - 24 = -2*n. What are the prime factors of n?
7
Let v(k) = -8*k**2 - 6*k - 2. Let q be v(-2). Let o = q + 58. List the prime factors of o.
2, 3
Let f(j) be the third derivative of -j**5/60 + j**4 - j**3/3 + 23*j**2. What are the prime factors of f(15)?
7, 19
Suppose -3*a - 3*g + 108 = -7*g, -4*g + 132 = 3*a. Suppose f = -3*v + a - 18, -f + 21 = 2*v. Let r = f - -14. What are the prime factors of r?
3, 11
What are the prime factors of (-13)/(1 - (-54)/(-24))*35?
2, 7, 13
Let j(m) = m**2 - 2*m - 2. Let u be j(0). List the prime factors of (-6)/(u*9/168).
2, 7
Suppose 0 = c - 1, -3*t - 9 = -3*c - 102. Suppose -18 - t = 5*m. What are the prime factors of 0 - m - 2 - 3?
5
Suppose 3*k - 51 = 18. Let m be ((-76)/(-5))/((-8)/(-20)). Let t = m - k. List the prime factors of t.
3, 5
Let n(t) = 4*t**2 + 56*t - 24. Let c be n(19). Suppose -7*q = 5*q - c. List the prime factors of q.
3, 23
Let k = 11 - 7. Suppose -8 = -2*q + 2. Suppose 3*i + 3*j = 12, 18 = k*i - 0*i + q*j. What are the prime factors of i?
2
Suppose 98*b - 378 = 96*b. List the prime factors of b.
3, 7
Suppose -f = 64 - 67. Suppose -2*b + 239 + 348 = -5*a, -849 = -3*b - f*a. List the prime factors of b.
2, 11, 13
Let m(o) = -4*o**3 + 15*o**2 + 2*o + 4. Let r(g) = 11*g**3 - 44*g**2 - 7*g - 11. Let a(b) = 17*m(b) + 6*r(b). List the prime factors of a(-4).
2, 3
Let z be 2/13 + (-148)/(-52). Suppose 2*a - 5 = z*a, -4*o = -5*a - 85. What are the prime factors of o?
3, 5
Suppose 2*w = 7*w - 15. Let z(r) = 3*r + 4*r + w - 12*r + 3. List the prime factors of z(-7).
41
Let l = 88 - 88. Suppose -v - j + 143 = l, 0*v + 123 = v - 3*j. List the prime factors of v.
2, 3, 23
Let z = 1052 - 572. What are the prime factors of z?
2, 3, 5
Let c(w) = w**3 + 5*w**2 + 4*w + 9. Let i be c(-4). List the prime factors of (40/(-6))/(i/(-81)).
2, 3, 5
Let t(g) = g**3 + 19*g**2 + 12. Let b = -7 - 12. List the prime factors of t(b).
2, 3
Suppose -91 = 4*q + 57. Let t = q - -46. List the prime factors of t.
3
Let w be (-75)/(-21) + 9/21 + -9. Let v(x) = -x + 17. List the prime factors of v(w).
2, 11
Let j(y) = y**3 - 2*y**2 + 2*y - 1. Let r be j(2). Let c be ((-16)/(-24))/((-1)/r). What are the prime factors of c/5 + 1792/80?
2, 11
Suppose -14*n - 8824 = -18*n. What are the prime factors of n?
2, 1103
Suppose 5*a = 10*a + q - 405, a - 2*q - 92 = 0. List the prime factors of a.
2, 41
Suppose 0 = 4*x - 3*d - 33, 3*x - 5*d - 20 = 13. Let j(h) = -h**2 + 13*h + 34. What are the prime factors of j(x)?
2, 19
Let n = -20 - -119. Suppose d + n = p, 7*d - 3*d - 396 = -4*p. List the prime factors of p.
3, 11
Let g(n) = 574*n - 497. List the prime factors of g(8).
3, 5, 7, 13
Suppose 39*p - 31*p - 4528 = 0. List the prime factors of p.
2, 283
Let x = -81 - -76. What are the prime factors of (-2 + x + 5)*(-2 + -99)?
2, 101
Let h(p) = -15 - 2*p - p + p + 3*p. Let i be h(15). Suppose -2*m + 14 = -4*s, i = -m - 6*s + 4*s + 3. List the prime factors of m.
5
Let y(h) = -h**3 + 11*h**2 - 9 - 5*h**2 + 9*h + 0*h**3. Suppose 84 - 35 = 7*x. List the prime factors of y(x).
5
List the prime factors of (2 + 112/24)/((-2)/(-12)).
2, 5
Suppose 203*a - w = 202*a + 4523, -3*w + 18113 = 4*a. What are the prime factors of a?
2, 31, 73
Suppose 46 = -7*c - 10. What are the prime factors of -3*c/(-6) - -59?
5, 11
Let u(k) be the first derivative of k**2 - 10*k + 3. Let w be u(7). Suppose -51 = -2*j - j - 3*h, w*j = h + 88. What are the prime factors of j?
3, 7
Let k = 281 - 86. Suppose -3*x + q = -121, 5*x = q + 4*q + k. What are the prime factors of x?
41
Let r(i) = -168*i. Let o be r(1). Let u = -98 - o. What are the prime factors of u?
2, 5, 7
Let b(i) = -i**2 + 6*i - 3. Let z be (15/(-6))/(25/(-20)). Let m(o) = o + 3. Let h be m(z). List the prime factors of b(h).
2
Let z(v) = 2*v**2 - 34*v - 18. What are the prime factors of z(-16)?
2, 3, 173
Let i = -207 - -390. Let b = i + -115. List the prime factors of b.
2, 17
What are the prime factors of 0 - 9204/(-28) - (-8)/28?
7, 47
Let j = -15 + 4. Let m(b) be the second derivative of -b**4/12 - 8*b**3/3 - 7*b**2 + 343*b. List the prime factors of m(j).
41
Suppose 0 = -h + 32 - 4. Suppose 3*y - 32 = h. List the prime factors of y.
2, 5
Let t = 517 + -360. Suppose t = f + 36. What are the prime factors of f?
11
Suppose -14 = -2*f - 4. Suppose f*k = 76 + 64. List the prime factors of k.
2, 7
Let i be 6/(-36) - 733/(-6). Let b = -73 + i. What are the prime factors of b?
7
Let a be (-3)/(-2) - 